 (2268/(-28))/(2/(2/(-1))). What is the highest common factor of 2511 and k?
81
Suppose -84*u + 80*u - 3*v + 205 = 0, 3*u = -4*v + 152. Suppose 23 = -j - 7. Let o = -17 - j. Calculate the greatest common factor of u and o.
13
Let j = 80 - 67. Let t = 28 - j. What is the greatest common factor of 165 and t?
15
Let p = 5 + 9. Suppose -3*x = -4*z - 168, x - 5*x = 2*z - 224. Calculate the highest common factor of p and x.
14
Let i(r) = 2*r**2 - 2*r + 2. Let c be i(3). Suppose -9*d = -147 - 105. Calculate the greatest common factor of d and c.
14
Let s(q) = 3*q**3 - 69*q**2 + 4*q + 48. Let b be s(23). Calculate the highest common divisor of b and 455.
35
Suppose 5*b = 4*b + 7. Suppose -b*k + 20 = -8. What is the greatest common divisor of 28 and k?
4
Let z = 945 - 646. Calculate the greatest common divisor of 115 and z.
23
Suppose -19*i + 32*i = 8619. What is the highest common divisor of 78 and i?
39
Suppose 5*y - y - 92 = 3*t, 2*y - 5*t - 60 = 0. What is the greatest common divisor of 110 and y?
10
Let k(z) = -z**2 - 37*z + 857. Let r be k(-51). What is the highest common divisor of 44 and r?
11
Let n(f) = f**3 + 5*f**2 + 7*f - 2. Let a be n(-5). Let o = -89 - -143. Let r = o + a. Calculate the highest common factor of 68 and r.
17
Suppose 0*t = t + 5*r - 72, 0 = t + 3*r - 68. Suppose t + 400 = 6*y. Calculate the highest common divisor of 22 and y.
11
Let u(z) = z**2 - 7*z - 1. Let p be u(8). Let b be (-52)/(-2)*p/14. Let a(d) = 8*d + 2. Let w be a(3). Calculate the highest common divisor of w and b.
13
Let q(j) = -2*j + 78. Let r be q(31). Calculate the highest common divisor of r and 368.
16
Suppose 3*x - 2*q - 15 = 0, -7*x + 8*x + 6 = -3*q. Let i be 10 + 1 + (-2)/1. What is the highest common factor of x and i?
3
Let o = 2 + 6. Let k(b) = -3*b**3 - 5*b**2 - 6*b - 4. Let x be k(-2). What is the greatest common factor of o and x?
4
Let s be 6 - 0 - 11 - -70. Calculate the highest common factor of 52 and s.
13
Let j(d) = -2*d + 11. Let a be j(3). Suppose -4*s + 93 + 148 = 5*i, a*s = -5*i + 305. Calculate the highest common divisor of 8 and s.
8
Suppose -14*n + 3*n + 1694 = 0. What is the highest common factor of 7 and n?
7
Let h = -14 + 19. Suppose -4*o + h = o. What is the greatest common divisor of o and 4?
1
Let v be (-24)/(-4) + -10 + 29. What is the greatest common divisor of v and 1?
1
Let i(p) = 67*p + 90. Let g be i(-1). Calculate the highest common factor of 943 and g.
23
Suppose 96*z = 591 + 4689. What is the greatest common divisor of 1045 and z?
55
Suppose 0 = -30*k + 22*k + 2408. Calculate the highest common divisor of k and 7.
7
Let i(c) = -67*c**2 + 2*c + 2. Let o be i(-5). Let j be (-2)/8 - o/12. Calculate the highest common divisor of j and 20.
20
Let j(x) = 15*x + 4. Let q(f) = -29*f - 7. Let g(u) = 5*j(u) + 3*q(u). Let m be g(-1). Suppose 0*v + m = v. Calculate the greatest common divisor of 55 and v.
11
Let r be 2/(-6) + (-242)/(-6). Suppose 0*s + 2*h = -4*s + 62, 5*h = -2*s + 19. Suppose 0 = s*t - 24*t + 140. What is the greatest common divisor of t and r?
20
Let x be 1/(3/(-873)) - 3. Let l = -115 - x. Let p = l + 107. What is the greatest common factor of p and 26?
26
Let x be ((-66)/(-4))/(9/12). Let c = x + -12. Suppose -3*j + 6 = 0, -3*n + n + 14 = -3*j. Calculate the greatest common factor of c and n.
10
Suppose -7 + 4 = -u - 2*r, -5*u + 4*r = -15. Suppose -u*x + 13 + 56 = 3*g, -2*g + 84 = 4*x. Calculate the highest common factor of 38 and x.
19
Let i(y) = y**3 - 8*y**2 + 9*y - 5. Let h be i(7). Suppose 4*z - h*z = -35. Calculate the highest common factor of z and 56.
7
Let h = 2 + -3. Let q be ((-78)/h)/3 - -1. Suppose -4*p - 3 = -5*p. What is the greatest common divisor of p and q?
3
Let v = -691 + 730. Let c = 227 - 71. Calculate the greatest common factor of v and c.
39
Let j(k) be the second derivative of 0*k**2 + 23/20*k**5 + 0 + 3*k + 1/3*k**3 + 1/12*k**4. Let u be j(2). Calculate the greatest common divisor of 24 and u.
24
Let d = -165 + 174. What is the highest common divisor of d and 261?
9
Suppose -35*f = -30521 + 2171. What is the greatest common divisor of 378 and f?
54
Let t = -2149 - -2157. What is the greatest common factor of t and 66?
2
Let v(r) = 9*r**2 + 21*r**2 - 4 - 4*r - 4*r**2. Let z be v(-1). What is the highest common factor of 39 and z?
13
Let p be 10 + 1 + (0 - -2). Suppose 32*v = 3332 - 4. What is the greatest common factor of v and p?
13
Let q be (60/(-144))/((-5)/2)*6. Suppose 2*y - 3*o - 11 = 25, 0 = 4*y - 5*o - 70. Let r = -10 + y. What is the highest common factor of r and q?
1
Let n = -92 + 130. Suppose 0 = m - 4*j - j - 27, -15 = 3*j. Let b be -19*(108/(-8))/9*m. Calculate the greatest common factor of b and n.
19
Suppose -2*n + 2*d = -172, -5*n - 3*d + 243 = -187. What is the highest common factor of 473 and n?
43
Let j(q) = q**2 - 5*q - 12. Let o be j(-2). Suppose -o*z + 98 = 2*w, w - 39 = -5*z + 30. What is the highest common factor of 11 and w?
11
Let q(b) be the first derivative of 12*b + 19/2*b**2 - 11 + 1/3*b**3. Let s be q(-19). Calculate the greatest common divisor of s and 132.
12
Let n(j) be the second derivative of j**5/20 + 7*j**4/12 + 2*j**2 - j. Let m be n(-6). Suppose 13*t = 152 + 56. Calculate the greatest common factor of m and t.
8
Suppose -445 - 68 = -3*i. Suppose 5*x - 2*j + 3 = 2*j, 0 = -5*x + j + 3. Let z be (x*(36 + 2))/2. Calculate the highest common divisor of z and i.
19
Let x = 310 + -245. Suppose 2*r - 39 = 13. Let f be (-9 - -4)*r/(-5). Calculate the highest common factor of f and x.
13
Let k(y) = -y - 12. Let c be k(-13). Let x be (3 + -229)/2 + c. Let w be ((-384)/x)/(1/14). Calculate the greatest common factor of 16 and w.
16
Let f = -808 + 873. What is the greatest common divisor of f and 52?
13
Let q = 211 - 124. Let k = q - 63. What is the highest common divisor of 3 and k?
3
Let j be (-6266)/(-12) + ((-25)/30)/5. Let k be (-12)/30 - j/(-5). Calculate the highest common divisor of 26 and k.
26
Let c(i) be the third derivative of 7*i**4/24 - 25*i**3/6 + 4*i**2. Let a be c(5). Calculate the greatest common factor of 45 and a.
5
Let q be 2 + 2/(3 + -2). Let r be (69 - 4) + 3/(-1). Suppose -3*t = 2*d - 24, 7*t - q*d - r = 2*t. Calculate the greatest common factor of 10 and t.
10
Let q be 0/(((-28)/126)/(2/(-18))). Let p be q*(-1)/(-5) - 18/(-2). Calculate the greatest common factor of p and 3.
3
Suppose -2*k - 11 = g - 36, 3*g + 4*k - 79 = 0. Suppose -g = -2*o + 7. What is the greatest common divisor of 9 and o?
9
Let p(a) = a**2 - 4*a + 3. Let m be p(5). Let g(f) = 4*f**2 - 4*f + 5. Let y be g(-4). Let t = 157 - y. What is the highest common factor of m and t?
8
Let f(y) = 7*y + 262. Let u be f(12). What is the highest common divisor of u and 2?
2
Let m(a) = -a**3 + 4*a**2 - 2*a - 2. Let u be m(4). Let d = -284 - -304. Let j = u + d. What is the highest common divisor of j and 1?
1
Suppose -72 + 336 = 3*y. Suppose s = -0*s + y. Calculate the greatest common factor of 11 and s.
11
Let u(s) = s**3 - 17*s**2 - 58*s - 18. Let i be u(20). Calculate the greatest common factor of i and 198.
22
Let o(z) = z**2 + 9*z - 10. Let f be o(-10). Suppose 4*w + 70 = k - 8, -w - 5 = f. What is the greatest common divisor of k and 145?
29
Let r = 7 + 13. Let p = 531 - 431. What is the highest common factor of r and p?
20
Let o = 253 - 85. Let k(d) = -d**3 - 7*d**2 + 6*d + 5. Let j be k(-8). Calculate the highest common factor of j and o.
21
Suppose -4*t + 3*v - 732 = -7*t, -3*v = 2*t - 492. Calculate the greatest common factor of t and 180.
60
Let q = -102 + 113. Let s(k) be the second derivative of k**3/6 + 33*k**2/2 + 3*k. Let x be s(0). Calculate the greatest common factor of x and q.
11
Let y = 606 - 445. What is the greatest common factor of 207 and y?
23
Suppose 0 = 5*j - 135 + 15. Suppose 0 = -4*s + 4*v, 3*s + 0*v + 25 = -2*v. Let w = s + 11. Calculate the greatest common factor of w and j.
6
Let l be (2/(-5))/(-1*4/40). Suppose 2*r - l*z - 23 = -5, 0 = 4*r - 3*z - 26. Calculate the highest common factor of r and 4.
1
Suppose 0 = 5*z + 4*z + 27. Let w = z + 87. Calculate the highest common divisor of w and 12.
12
Let g be (4/(-3))/((-14)/315). Let h be (-80)/6*g/(-10). Calculate the greatest common divisor of h and 10.
10
Let k be ((-1)/2)/((-2)/20). Let s = 